Suppose -o = -r*o - 14. Let j = -4 + o. What are the prime factors of j?
2, 5
Let f = -15 + 29. Suppose -3*a = -f + 2. What are the prime factors of a?
2
Suppose -2*c + 25 = 3*l + 2, 5*c + 4*l = 75. Let q be (-204)/(-28) - (-2)/(-7). Suppose q*b - 2*b = -3*m + 87, -m + c = b. List the prime factors of b.
3, 5
Let l(g) = g**2 + 4*g - 4. Let f be l(3). Let c = f + -3. List the prime factors of c + 0/1 + -3.
11
Let r(j) = j**3 - 3*j**2 - 2*j - 3. Let l be r(4). Suppose 8 = k + 4*i, -i = l*k + 4*i - 100. List the prime factors of k.
2, 3
Let c be ((-8)/(-12))/(1/156). Suppose -4*i + 2*v + 104 = 4*v, 2*v = 4*i - c. What are the prime factors of i?
2, 13
Let k(s) = -3*s**2 + 7*s - 4 + s**2 + 2*s**2 + s**2. Let g be k(-8). Suppose -o - 3*q = -g, -5*o - 6*q + 50 = -q. List the prime factors of o.
13
Suppose -2*q = -2*p - 410, -5*p - 189 = q - 2*q. List the prime factors of q.
11, 19
Let o(x) = x**2 - 3*x + 3. Let a(p) = -p**2 + 3*p - 3. Let y(z) = -7*a(z) - 6*o(z). Let l = 9 + -6. What are the prime factors of y(l)?
3
Let z(n) = 7*n - 9. Let y be z(7). Suppose 4*k - y = -k. Let t(s) = s**2 - 6*s - 9. What are the prime factors of t(k)?
7
Suppose -4*w + 22 = 2*k, -3*k - 4*w = -10 - 17. Suppose k*r = -v + 34, 0 = 5*r + v + 3*v - 46. List the prime factors of r.
2, 3
Suppose 3*p = p + 104. Let a be 6*(-4)/(-18)*3. Suppose 4*r - p = -4*z + 40, -a*r + z + 77 = 0. What are the prime factors of r?
2, 5
Let h(n) = n**2 - 2*n - 1. Let m be h(-1). Let f(j) = 8*j**m - j**2 - 6*j**2 - 5*j + 2. What are the prime factors of f(5)?
2
Suppose -3*v = -2*s + 11, 3*s + 13 = -v - s. Let u be (-12)/(-30) - (-7)/v. List the prime factors of 0/(4 + u) - -9.
3
Let p(k) = -k**3 - 9*k**2 + k + 12. Let m be p(-9). Suppose 0 = 2*q + m - 15. Let a(j) = j**2 - 5*j + 2. List the prime factors of a(q).
2
Let g = 15 - 18. What are the prime factors of 10*1*(g - -4)?
2, 5
Suppose 5*v - 1724 + 299 = -o, 2*o = -10. List the prime factors of v.
2, 11, 13
Let g be -57 + ((-2)/(-1))/2. What are the prime factors of (-1584)/g + (-2)/7?
2, 7
What are the prime factors of (-203)/(-5) - 8/(-20)?
41
Let w(x) = -2*x - 5. Let u = 4 - 13. What are the prime factors of w(u)?
13
Suppose 4*f = 2*t + 2*t + 140, 5*f - 2*t - 184 = 0. What are the prime factors of f/(-4)*(4 + -8)?
2, 19
Suppose g = -4*l + 107, -4*g - 3*l - l = -428. List the prime factors of g.
107
Suppose -2*m - 14 = u, u + 4*m + 44 = -3*u. Let n = u + 11. Suppose o - 12 = -3*i, n*o - 2*i - 3 = -0. List the prime factors of o.
3
Let l(u) = u**2 - 18. What are the prime factors of l(8)?
2, 23
Let h be ((-36)/2)/(-1) + -1. Let v = 82 - 74. Let x = h - v. What are the prime factors of x?
3
Suppose -5*j = -5, -2*q + 0 - 1 = -3*j. What are the prime factors of 3/3 - -12 - q?
2, 3
Suppose -m = 3*m + 264. Let l = -119 - m. Let s = -38 - l. List the prime factors of s.
3, 5
Let u be (3/(-4))/((-1)/4). Suppose -u*p + p = -46. List the prime factors of p.
23
List the prime factors of (-20)/8*(-1 - 3).
2, 5
Suppose -6*m + 5*m = -t - 168, 3*m - 2*t = 505. What are the prime factors of m?
13
Suppose 2*l + 56 = 4*c - 2*l, 0 = -3*c + l + 40. What are the prime factors of c?
13
Let k(g) = -21*g - 1. Let a be k(-2). Suppose 5*o - 38 - a = y, 3 = o + 3*y. List the prime factors of o.
3, 5
Suppose 3*o - 2 - 13 = 0. Suppose 4*r = 8*r - 3*g - 33, -2*r + o*g = 1. What are the prime factors of r?
2, 3
Let t be (-2)/(-4)*-4 - -6. Suppose -t*i + 0*i + 12 = 0. Let j = i - -14. List the prime factors of j.
17
Suppose 6*a = 4*a + 34. List the prime factors of a.
17
Suppose -4*t + 20 + 28 = 0. What are the prime factors of t?
2, 3
Let x(r) = -4 - 4*r + 0 + 3. Let u be (12/(-6))/((-2)/(-4)). List the prime factors of x(u).
3, 5
Suppose 0 = -4*u - 4 + 16. Suppose m - f - f = 24, u*m - 88 = 2*f. Let j = m + -16. List the prime factors of j.
2
Let m = 3 - 5. What are the prime factors of 0 - (28/m + 1)?
13
Suppose 25*z = 20*z + 1010. List the prime factors of z.
2, 101
Let l be 2 + 2*(-6)/(-4). Let n(z) = -1 + 4*z - 2 + 2*z**2 + l. What are the prime factors of n(-3)?
2
Let h(j) = j**3 + 6*j**2 + 4*j + 3. Let i be h(-6). Let k = 29 + i. List the prime factors of k.
2
Let d(k) = k + 16. Let h(n) = n. Let m be h(5). Let w(y) = -y**3 + 5*y**2 - y - 2. Let z be w(m). List the prime factors of d(z).
3
List the prime factors of ((-77)/2)/((-13)/78).
3, 7, 11
Let g(u) = 3*u**3 - 2*u**2 + 1. Let d be g(1). Suppose -5*p + 2 = d*a - 14, 8 = a + p. List the prime factors of a.
2
Let x(i) = -4*i + 1. Let k(n) = -9*n + 3. Let f(o) = -2*k(o) + 5*x(o). Let u = -2 - 1. What are the prime factors of f(u)?
5
Let w(o) = 4*o - 3 - 14*o + 11 - 1 + 3*o**2. Let b be w(6). Suppose -4*i - 36 = -4*y, 5*y + 0*y - b = -5*i. What are the prime factors of y?
2, 5
Let y = -3 + 5. Let c = -3 + 7. Suppose 0 = -y*g - 4, 4*b = -0*b - 2*g + c. What are the prime factors of b?
2
Let l(n) = 14*n - 13. List the prime factors of l(5).
3, 19
Suppose 14 = -q - 3*n, -5*q - n - 26 = -2*q. Let m(f) = -f + 5. What are the prime factors of m(q)?
13
Let d(v) = 3 - 2*v - 2 - 2 + v**2 + 3*v. List the prime factors of d(2).
5
Suppose 6*d - 2*d - 428 = -4*q, 0 = 5*d - 4*q - 535. What are the prime factors of d?
107
Let v(s) be the first derivative of 3*s**2/2 - 9*s + 1. Suppose 2*u + 3*n = n + 12, 22 = 3*u - n. What are the prime factors of v(u)?
2, 3
Let r = 19 + 0. List the prime factors of r.
19
Suppose -2*p + 4 = -p. Suppose w + p*w - 60 = 0. List the prime factors of w.
2, 3
Let c(k) = -k**3 + k**2 + 2*k. Let w be c(-3). Suppose -3*i = -5*i + w. List the prime factors of i.
3, 5
Suppose 165 + 569 = 2*m. List the prime factors of m.
367
Let z be ((-3)/(-9))/((-1)/(-9)). Suppose z*q + 21 = 4*q. List the prime factors of q.
3, 7
Suppose -4*l - 8 = 0, -4*k + l + 156 = -l. List the prime factors of k.
2, 19
Let a = -22 - -32. Let k(p) = 2*p + 9. What are the prime factors of k(a)?
29
Suppose -285 - 71 = -4*m. List the prime factors of m.
89
Suppose -3*w + 3 = -0*w + 3*u, 5*u + 27 = 3*w. Let a(n) be the second derivative of n**4/12 - n**3/6 + 2*n**2 - 6*n. List the prime factors of a(w).
2
Let g(t) = t**2 + 2*t + 6. Suppose -f - 5 + 1 = 0. List the prime factors of g(f).
2, 7
Suppose -40 - 292 = -4*x + 4*y, x - 3*y - 79 = 0. What are the prime factors of x?
5, 17
Suppose 3*n + v - 95 - 71 = 0, -3*v + 12 = 0. Let k be 47/9 - 12/n. Let b(x) = x**3 - 6*x**2 + 7*x - 6. List the prime factors of b(k).
2
Suppose 0 = 2*t - 134 - 110. What are the prime factors of t?
2, 61
Let i be (-2)/(-4) - (-6)/4. Let x = 1 - 1. Suppose x*h + h - i = 0. List the prime factors of h.
2
Let b(z) = -z**3 - 5*z**2 - 7*z - 1. List the prime factors of b(-5).
2, 17
Let s(b) = 11*b + 12. What are the prime factors of s(4)?
2, 7
Let s = -1 + -17. Let a be (-9 + 0)*6/s. Suppose -w = 3*m - 4*w - 15, -m - a*w = -21. What are the prime factors of m?
3
Let c = -47 + 82. What are the prime factors of c?
5, 7
Let t = 22 - 11. What are the prime factors of (-3)/(9/6) + t?
3
What are the prime factors of (-1 + (-2 - -10))*(-300)/(-14)?
2, 3, 5
Let u(a) = -a**2 - 9*a - 7. Let v(f) = -f - 1. Let w(i) = u(i) - 3*v(i). Let n be w(-4). Suppose x - 4 = n. List the prime factors of x.
2
Suppose -q + r = -31, -5*q + 5*r = 6*r - 185. What are the prime factors of q?
2, 3
Suppose 0 = -5*i - 4*f + 134, -2*i - 2*f + 68 = -4*f. List the prime factors of i.
2, 3, 5
Let y = -1 + 1. Suppose 3*q - 9 = -y*q. What are the prime factors of q?
3
List the prime factors of 4/4*1*37.
37
Suppose -793 = -15*g + 512. What are the prime factors of g?
3, 29
Suppose 0 = 3*u - 4*a - 55, -3*u + a - 6*a + 73 = 0. Let k = u - 33. Let h = 20 + k. What are the prime factors of h?
2
Suppose 0 = 5*w - 2*w - 15. Suppose w*o - 4 = 3*o. Suppose 6 = o*q - q. What are the prime factors of q?
2, 3
Let w(f) be the third derivative of -f**6/120 - f**5/12 + f**3/2 + 2*f**2. Let z be (-3 + 1)*-1 - 7. List the prime factors of w(z).
3
Let h be (-1)/3 + (-456)/9. Let y = -11 - h. Suppose 5*i = 5*l - y, -4*i + 9*i + 4 = -l. What are the prime factors of l?
2, 3
Suppose -g = -2*u - 3, 0*g = 3*u - 3*g + 9. Suppose u = -3*k + 10 - 1. List the prime factors of k.
3
Let z be 0 - ((-2 - -2) + -4). Let j be z/2 - (-12)/(-4). List the prime factors of (1 - (j + 1)) + 10.
11
Suppose 87 = -9*n + 10*n. List the pri